s digit of q/(-3) - (-172)/12*7?
1
Let n be (-7 + 8)*(18/2)/1. Suppose 0 = n*o - 8*o + 4*u - 378, 0 = -5*u - 15. What is the units digit of o?
0
Let h be (-36)/(-17) + (-12)/102. Suppose -2*i + 2*u + 28 = 0, -h*i = -6*i - 2*u + 86. Suppose 5*x + i - 209 = 0. What is the tens digit of x?
3
Let c(y) be the first derivative of y**4/4 + 3*y**3 - 6*y**2 - 14*y - 8. Let d be c(-10). What is the units digit of 256/d + (-8)/(-6)?
4
What is the hundreds digit of 2765/(-70)*(-147 + 2 + -3)?
8
Let f = -14 - -402. Suppose 4*x = -5*i + 604, -3*x + 399 = 3*i - 54. Suppose w - x = -g, -4*g + 228 = -2*w - f. What is the tens digit of g?
5
Let z(r) = -19655*r - 4255. What is the units digit of z(-3)?
0
Suppose 3*i = g - 933 - 983, g = 5*i + 3194. Let b = -221 - i. What is the tens digit of b?
1
Let p(q) = 67*q**2 + 153*q - 1161. What is the tens digit of p(8)?
5
What is the tens digit of (-1 + -2167)*(-15)/4 - (955 + -955)?
3
Let h = 70 + -65. Let c be (-20)/(-60) - h*(-116)/(-3). Let j = c - -314. What is the hundreds digit of j?
1
Suppose -19*f = -185169 - 121301. What is the thousands digit of f?
6
Let x be (-12)/(4 + -1) - -9. Suppose -4*h - h = -x*n + 495, 2*h = 4. Let w = n - 47. What is the tens digit of w?
5
Suppose 4*f = -5*m + 19, 3*f = -3*m + f + 13. Let a(n) = 29*n**2 - 18*n + 7. What is the tens digit of a(m)?
0
Suppose 60778 = 12*a - 3698. What is the tens digit of a?
7
Suppose -156665 = 5*m - 10*m + 5*g, 3*m = g + 93993. What is the tens digit of m?
3
Let d(g) be the second derivative of 2/3*g**3 - 10*g + 0 + 0*g**2. What is the tens digit of d(5)?
2
Suppose -12*b + 8 = -8*b. Suppose -2*g - 4 = 5*t - t, 0 = -b*g + 4*t + 20. What is the units digit of g?
4
Let t = -2719 + 2601. Let b be 3224/(-14) - 2/(-7). Let a = t - b. What is the units digit of a?
2
Suppose -5*s + 6*k + 75460 = 11*k, -4*k - 15117 = -s. What is the units digit of s?
7
Let y = -367 - -370. Suppose -13*v + 18*v + 692 = y*q, 3*q - 683 = -4*v. What is the hundreds digit of q?
2
Let p(v) be the third derivative of -v**6/30 - 3*v**5/40 - 23*v**4/24 + 15*v**2. Let x(c) be the second derivative of p(c). What is the tens digit of x(-6)?
3
Let b = 62 - 62. Suppose -3*r - p = -97 - 727, b = -2*r - 4*p + 546. Let a = -194 + r. What is the tens digit of a?
8
Let o = 8 + -197. Suppose 3*k = -0*k + 4*l - 288, 0 = -l. Let d = k - o. What is the units digit of d?
3
Let i be ((-88)/(-33))/(2/3). Suppose -3*d + 2*x - 6*x + 47 = 0, 0 = -i*d - 3*x + 72. Suppose 0*w + w + d = 3*v, -2*w = 4*v - 18. What is the units digit of v?
6
Let i(j) = -j - 7*j**2 - 9 + 16*j**2 - 3*j + j**3. Let r be i(-7). Suppose -3*g + r = 9. What is the units digit of g?
6
Let w = 83848 + -31864. What is the hundreds digit of w?
9
Let a(k) = -k**3 - 2*k**2 - 2*k. Let o be a(-4). Suppose 5*p + m - 182 = 0, 0 = -5*p - 43*m + 47*m + 197. Suppose o*f - p*f = 141. What is the tens digit of f?
4
Suppose 0 = 2*k, -2*k - 3814 - 985 = -r. What is the hundreds digit of r?
7
Suppose 31*p - 49863 = 20*p. What is the thousands digit of p?
4
What is the tens digit of (4064/(-6))/(59/(26550/(-12)))?
0
Suppose -44032 = 19*i - 301102. What is the units digit of i?
0
Suppose 2*x - 4 = -2*u, -x = -4*x + 3. Let q(o) = 569*o - 1. Let y be q(u). Let i = y - 352. What is the hundreds digit of i?
2
Suppose -11*l + 59582 = -67539 + 3701. What is the thousands digit of l?
1
What is the hundreds digit of (-1)/(50/60 - 971411/1165668)?
5
Let y(g) = 1026*g**2 - g. Let j be y(2). What is the tens digit of j/8 + (-21)/12 + 2?
1
Let f(q) = -q**2 + 64*q + 64. Let n be f(35). Let s = n - 371. What is the units digit of s?
8
Suppose -26496 = -j + 47*j. Let z = 2024 + j. What is the units digit of z?
8
What is the hundreds digit of (14101/(-717))/(3/(-2826))?
5
Let g(r) = r**3 - 3*r**2 + 2*r + 2. Let l be g(2). Suppose -4*h - 3340 = h - l*q, -2*h + 4*q - 1336 = 0. What is the units digit of (h/(-20) + -7)/(1/10)?
4
Suppose -x = 3*s + 3, -4*x - 2 = -7*s + 9*s. What is the tens digit of s/(-3) + (-4830)/(-9) + -1?
3
Let d(x) = 63405*x**2 + 94*x - 97. What is the tens digit of d(1)?
0
Let k(v) = v**3 + 4*v**2 - 1. Let d be k(-3). Suppose 2*l = 3*l - d. Let r(j) = -j**3 + 8*j**2 + 2*j + 2. What is the tens digit of r(l)?
1
What is the tens digit of 22988/6*(-2070)/184*6/(-15)?
4
Let x(i) = 10 - 2*i + i**3 - 2*i**2 + 11*i**2 - 8 - 20. Let w be x(-9). Suppose 4*t - 116 - 4 = w. What is the tens digit of t?
3
Suppose -14*f - 1 + 29 = 0. Suppose 6 = -f*g, -g - 9 = -4*r + 14. Suppose 0 = 3*z + 3*l - 291, r*z + 0*l + 3*l - 479 = 0. What is the tens digit of z?
9
Let q = 33042 - 14155. What is the units digit of q?
7
Suppose 4*c = -4*w - 164, 72*c = 2*w + 69*c + 72. Suppose 0 = -2*v + o - 164, v - o + 141 = 59. Let n = w - v. What is the tens digit of n?
4
Let k(x) = 619*x - 22. Let l be (-28)/8*(-52)/91. What is the thousands digit of k(l)?
1
Suppose 4*n = -v + 200, 4*v + 172 = -n + 957. What is the hundreds digit of v?
1
Let n be -477 - ((-10)/(-5) + 0). Let c = -139 - n. Suppose -6*d + c = -2*d. What is the units digit of d?
5
Suppose 21936 = 5*m + 4*i - 51434, -44022 = -3*m + 5*i. What is the tens digit of m?
7
Let f be ((-786)/(-8) - -1)*(-9 + 5). Let h = 582 + f. Suppose 3*t - 4*w - 310 = h, t - 4*w - 173 = 0. What is the units digit of t?
1
Let d(v) = -371*v - 144. What is the units digit of d(-28)?
4
Let n = 470 - 1058. Let r = 300 + n. Let o = r - -410. What is the units digit of o?
2
Let z(t) be the first derivative of -19*t**2 + 18*t - 28. Let j be z(-8). Let l = 516 - j. What is the hundreds digit of l?
1
Suppose -3*d = 3, -5*b - 3*d + 50 + 2 = 0. Suppose 8541 = 20*h - b*h. What is the hundreds digit of h?
9
Let n(k) = -k**2 + 8*k - 5. Let l be n(6). Suppose -x + 45 = l. What is the tens digit of x?
3
Let p be 22 - 4 - (2 - 8). Suppose -32*x = -p*x - 4512. What is the hundreds digit of x?
5
Let t be (((-168)/(-15))/1)/(9/(-180)). Let i = t - -804. What is the units digit of i?
0
What is the tens digit of 16725/2 + 378/84?
6
Let x = 3338 - 1716. What is the thousands digit of x?
1
Suppose -7*g - 99 = -16*g. Let j = 13 - g. Suppose -j*z = -12 - 12. What is the units digit of z?
2
Let m(i) = -i**3 - 3*i + 377. Let h be m(0). Suppose h - 4202 = -17*j. What is the units digit of j?
5
Suppose 3*u - c - 16456 = -0*u, -u - 5*c = -5480. Let g = 27 + -23. What is the hundreds digit of g/14 - u/(-35)?
1
Suppose 2*g + 4*q - 48206 = 0, 4*g + 4*q = 7*g - 72379. What is the hundreds digit of g?
1
Suppose -2*f + 4*h + 1 = -17, f - h = 6. Suppose -6*u + 15 = -f*u, 4*u + 215 = z. What is the units digit of z?
5
Let c = 4374 - 3470. What is the hundreds digit of c?
9
Let o = 57 - 52. Suppose o*l - j = -4*j + 387, 4*l = j + 296. What is the units digit of l/27 + (-6)/(-27)?
3
Let r(g) be the third derivative of g**5/15 + 31*g**4/12 - 19*g**3/6 - 88*g**2. What is the tens digit of r(-22)?
5
What is the thousands digit of 1275 + (-12 + 18)*1/1?
1
Let y be 866/9 + 4/(-18). Let k = -1058 - -1060. Suppose -381 = -5*p - 4*c, p = k*c + y - 17. What is the tens digit of p?
7
Suppose -9 = -7*f + 6*f. Suppose f*g - 3*g = -48. What is the tens digit of (g/18)/2 + (-14950)/(-207)?
7
Suppose 0 = -69*k + 76*k - 497. Suppose 0 = k*a - 78*a + 1463. What is the tens digit of a?
0
Let c(q) = 3*q**2 - 61*q - 1281. What is the thousands digit of c(89)?
7
Suppose -2*u = 5*v - 48, 4*v - 5 = -4*u + 31. Suppose -v*s + 1429 = -9*s. What is the thousands digit of s?
1
Let g(p) = p**2 - p + 8. Let f be (-13 - -9)*((-21)/(-2))/3. Let v be 105/f - 6/(-4). What is the tens digit of g(v)?
5
Let r(w) = 103*w**3 + 25*w**2 + 13*w - 114. What is the hundreds digit of r(8)?
3
Suppose -2*k = -2*m - 8, -2*m + 5 = k - 11. Let x(z) = 35*z - 9. What is the tens digit of x(k)?
7
Let p = 59 + -60. Let r be p*(-1 - 401 - -4). Let k = -145 + r. What is the tens digit of k?
5
Let h be 2/(-6) + 50/6. Let j = -1601 + 1658. Suppose -3*z + d = -j, 95 = -3*z + h*z + 5*d. What is the tens digit of z?
1
Suppose -l = -28*d + 30*d - 163442, -4*d + 326884 = -2*l. What is the hundreds digit of d?
7
Suppose 2*j + 136*j - 770220 = 6*j. What is the tens digit of j?
3
Let f be 46/10 + 1 + 58/145. Suppose -352 = -0*k - k. Suppose k + 374 = f*g. What is the tens digit of g?
2
Let q(s) = -4*s - 21. Let m be q(-14). Let n = -27 + m. Sup